291 is divided by 2507.
784
Calculate the remainder when 132699 is divided by 26.
21
What is the remainder when 1539612 is divided by 356?
268
Calculate the remainder when 207524 is divided by 68118.
3170
What is the remainder when 3053679 is divided by 87?
66
What is the remainder when 59676 is divided by 19859?
99
Calculate the remainder when 68082 is divided by 2515.
177
What is the remainder when 245069037 is divided by 60?
57
What is the remainder when 24805043 is divided by 3373?
1
What is the remainder when 16331 is divided by 626?
55
What is the remainder when 1294024 is divided by 415?
54
Calculate the remainder when 7136656 is divided by 761.
759
What is the remainder when 550177 is divided by 209?
89
Calculate the remainder when 4411069 is divided by 441052.
549
What is the remainder when 2928661 is divided by 35285?
6
Calculate the remainder when 109167 is divided by 873.
42
What is the remainder when 140754 is divided by 367?
193
Calculate the remainder when 790265 is divided by 429.
47
Calculate the remainder when 4491726 is divided by 4443.
4296
What is the remainder when 90758 is divided by 15123?
20
Calculate the remainder when 55481 is divided by 67.
5
Calculate the remainder when 3584754 is divided by 2144.
2130
What is the remainder when 836426 is divided by 46413?
992
What is the remainder when 394253 is divided by 1323?
1322
Calculate the remainder when 47536 is divided by 15141.
2113
Calculate the remainder when 1883822 is divided by 627844.
290
Calculate the remainder when 17946627 is divided by 1755.
1752
Calculate the remainder when 3500025 is divided by 1963.
1959
Calculate the remainder when 1475449 is divided by 13911.
883
What is the remainder when 73516 is divided by 341?
201
Calculate the remainder when 20520889 is divided by 1511.
1509
Calculate the remainder when 6431008 is divided by 87.
55
Calculate the remainder when 48792 is divided by 48789.
3
Calculate the remainder when 197573438 is divided by 80.
78
Calculate the remainder when 9553323 is divided by 3184436.
15
Calculate the remainder when 23866 is divided by 3968.
58
Calculate the remainder when 525811 is divided by 1021.
1017
What is the remainder when 195427 is divided by 355?
177
Calculate the remainder when 326156 is divided by 23283.
194
What is the remainder when 12303647 is divided by 2142?
2141
Calculate the remainder when 91109976 is divided by 803.
793
Calculate the remainder when 586235 is divided by 50.
35
Calculate the remainder when 59235 is divided by 14761.
191
Calculate the remainder when 19329898 is divided by 89.
77
Calculate the remainder when 65562 is divided by 177.
72
Calculate the remainder when 277624 is divided by 1218.
1138
Calculate the remainder when 57943647 is divided by 958.
933
What is the remainder when 3150919 is divided by 37069?
54
What is the remainder when 1125513 is divided by 48?
9
What is the remainder when 72401 is divided by 1852?
173
Calculate the remainder when 674691 is divided by 260.
251
What is the remainder when 17957543 is divided by 12216?
23
Calculate the remainder when 45900212 is divided by 24.
20
What is the remainder when 12363117 is divided by 125?
117
What is the remainder when 606739 is divided by 488?
155
What is the remainder when 4341705 is divided by 723616?
9
What is the remainder when 23555530 is divided by 74?
72
What is the remainder when 28153 is divided by 6860?
713
What is the remainder when 131331975 is divided by 586?
585
Calculate the remainder when 9931974 is divided by 954.
834
Calculate the remainder when 5121860 is divided by 1707280.
20
Calculate the remainder when 101107 is divided by 283.
76
What is the remainder when 7531316 is divided by 1229?
4
Calculate the remainder when 74441 is divided by 1402.
135
What is the remainder when 123681400 is divided by 12383?
12379
Calculate the remainder when 7186428 is divided by 7.
4
What is the remainder when 604847 is divided by 201582?
101
What is the remainder when 108350 is divided by 52866?
2618
What is the remainder when 4274500 is divided by 48025?
275
What is the remainder when 748632 is divided by 785?
527
What is the remainder when 49503 is divided by 33?
3
What is the remainder when 326495 is divided by 1122?
1115
What is the remainder when 333943 is divided by 14982?
4339
Calculate the remainder when 840504 is divided by 280139.
87
Calculate the remainder when 1127579 is divided by 1852.
1563
What is the remainder when 116060 is divided by 2654?
1938
What is the remainder when 8909238 is divided by 108?
102
Calculate the remainder when 4563596 is divided by 279.
272
Calculate the remainder when 100449 is divided by 767.
739
Calculate the remainder when 1366380 is divided by 1032.
12
Calculate the remainder when 59193 is divided by 29574.
45
What is the remainder when 1205315 is divided by 602643?
29
What is the remainder when 1793896 is divided by 2185?
11
What is the remainder when 1610393 is divided by 264?
257
What is the remainder when 110075 is divided by 8820?
4235
What is the remainder when 10066 is divided by 1260?
1246
Calculate the remainder when 917431 is divided by 228301.
4227
What is the remainder when 24420 is divided by 331?
257
Calculate the remainder when 161844 is divided by 40271.
760
What is the remainder when 157166 is divided by 4617?
188
Calculate the remainder when 1572243 is divided by 81.
33
Calculate the remainder when 35621714 is divided by 2123.
2020
Calculate the remainder when 40235 is divided by 1555.
1360
What is the remainder when 13861666 is divided by 60?
46
Calculate the remainder when 2650819 is divided by 54.
13
What is the remainder when 10365934 is divided by 59?
47
What is the remainder when 10461148 is divided by 3006?
268
Calculate the remainder when 72730 is divided by 4167.
1891
What is the remainder when 255806009 is divided by 1695?
1694
Calculate the remainder when 1503521 is divided by 244.
237
What is the remainder when 1610931 is divided by 1728?
435
What is the remainder when 105600835 is divided by 23153?
2
Calculate the remainder when 7096106 is divided by 275.
6
What is the remainder when 623901054 is divided by 10?
4
What is the remainder when 39663 is divided by 532?
295
Calculate the remainder when 33332983 is divided by 102.
97
Calculate the remainder when 124575 is divided by 193.
90
What is the remainder when 24685468 is divided by 47?
34
Calculate the remainder when 1081083 is divided by 20020.
3
What is the remainder when 89871 is divided by 22272?
783
Calculate the remainder when 465486 is divided by 232739.
8
What is the remainder when 315434 is divided by 266?
224
What is the remainder when 56308557 is divided by 28154254?
49
What is the remainder when 12171016 is divided by 34774?
116
Calculate the remainder when 6528370 is divided by 18.
4
Calculate the remainder when 727076 is divided by 357.
224
Calculate the remainder when 941673 is divided by 63.
12
Calculate the remainder when 25898550 is divided by 943.
941
Calculate the remainder when 4983061 is divided by 1492.
1273
What is the remainder when 72167 is divided by 57?
5
Calculate the remainder when 441854 is divided by 2308.
1026
Calculate the remainder when 77526 is divided by 321.
165
Calculate the remainder when 3544684 is divided by 57172.
20
Calculate the remainder when 5039042 is divided by 52485.
482
Calculate the remainder when 29331 is divided by 398.
277
Calculate the remainder when 379989 is divided by 21110.
9
Calculate the remainder when 23525225 is divided by 39.
35
Calculate the remainder when 3704836 is divided by 4824.
4
What is the remainder when 188437 is divided by 134?
33
What is the remainder when 13311008 is divided by 53?
5
What is the remainder when 4819398 is divided by 277?
152
What is the remainder when 12956141 is divided by 13371?
13013
Calculate the remainder when 56947 is divided by 11118.
1357
What is the remainder when 2027516 is divided by 33?
29
Calculate the remainder when 1058649 is divided by 197.
168
Calculate the remainder when 713042 is divided by 1706.
1640
What is the remainder when 90336349 is divided by 1544?
1541
Calculate the remainder when 49512 is divided by 600.
312
What is the remainder when 5621 is divided by 1278?
509
What is the remain